2 + 2*i + 8. Let m be x(-3). Suppose 4*w + 2*j = 130, -3*j + 40 = 3*w - m. What is the tens digit of w?
3
Suppose -2*k + 18108 = -0*i + 2*i, 0 = 3*i + 4*k - 27168. What is the units digit of i?
8
Let s be (-9 + -3)/(-4) - 0/(-2). Let z be 62*(s - (-3 + 7)). Let p = 78 + z. What is the units digit of p?
6
What is the hundreds digit of (4/(-6))/(666775/(-74085) + 9)?
9
Suppose -10 - 2 = h. What is the hundreds digit of 1717/3 - (-4)/h?
5
Let z = -640 - -114. Let s = -507 - z. What is the units digit of s?
9
Let g(j) = 4*j**3 + 8*j**2 + j + 7. Let b be g(-10). Let s = -2286 - b. What is the tens digit of s?
1
Let v(q) = -q**3 - q**2 - q - 3. Let s be v(-2). Suppose -6 = 3*o - s. What is the units digit of (-495)/(-3) + o + -1?
3
Suppose -34 = 23*q + 11*q. What is the units digit of (-158)/(-79) - q*18?
0
Suppose 0 = -4*r - 4*l + 76488, -5*r - 2*l + 46033 = -49589. What is the thousands digit of r?
9
Suppose 3*u + 176172 = 5*d, -13*d + 8*d + 176208 = 3*u. What is the ten thousands digit of d?
3
Let h = -459 + 1. What is the units digit of (h - -5)*(-1)/3?
1
Let h = -93 - -95. Suppose 0 = 5*g + 2*a + 5, h*g + 2 = a + 3*a. Let s(o) = -143*o**3 - o**2 - o + 1. What is the tens digit of s(g)?
4
Let a(d) be the second derivative of -10*d**3/3 - 12*d**2 + d. Suppose 38*y - 40*y = -4, 3*y - 51 = 5*s. What is the tens digit of a(s)?
5
Let l = -170 + 175. Suppose l*w + 4*w = 2925. What is the tens digit of w?
2
Let l(n) = 62*n**3 - 2*n**2 - 22*n + 68. Let d = -665 - -668. What is the hundreds digit of l(d)?
6
Let m = -161 - -174. Suppose 7*a = 9*a + 194. Let t = m - a. What is the hundreds digit of t?
1
Let g(m) = 69*m**2 - 23*m - 235. What is the units digit of g(-11)?
7
Let o = -237 - -225. Let x(r) = r**3 + 14*r**2 + 22*r + 1. What is the tens digit of x(o)?
2
What is the thousands digit of (13678/21)/((-27)/(-81))?
1
Let o = -94 - -89. What is the units digit of (o/(-25)*-2)/(2/(-210))?
2
Let y(l) = -68*l**2 - 2*l - 4. Let s(c) = -c**2 + c + 1. Let t(m) = 2*s(m) + y(m). Let n be t(1). Let k = 87 + n. What is the tens digit of k?
1
What is the units digit of ((-163173)/15)/(154/(-70) + (2 - 0))?
1
Suppose -56 = -4*v - 28. Suppose 0 = -v*t + 819 - 147. Suppose -d - z + 84 = 0, d + 5*z - t = -0*d. What is the units digit of d?
1
Let l(a) = 2*a + 3. Let d(o) = -2*o + 22. Let k be d(11). Let v be l(k). Suppose -z = -2*z + v. What is the units digit of z?
3
What is the thousands digit of 1049/(-3)*(29 + -32)?
1
Suppose 4*w = -218 + 2242. Suppose 4*f - w = -3*i, -5*i - 4*f + 3*f + 815 = 0. What is the hundreds digit of i?
1
Let m(o) = 15*o**2 + 461*o + 54. What is the hundreds digit of m(-52)?
6
Let r(j) = 9*j**2 + 12*j - 24. Let o be r(2). Suppose o*g = 24*g + 7404. What is the units digit of g?
7
Let l = -12 + 75. Let z(s) = 5*s**2 + 9*s + 9. Let q be z(-9). Suppose -5*d + q = l. What is the tens digit of d?
5
Let y be (12/(-16))/(-1) - 154/(-8). Suppose 8 = -4*m + y. Suppose 3 = -3*k, 2*p + 0 = -m*k + 1. What is the units digit of p?
2
Suppose -u = 2 - 1, 2*u + 11 = g. Suppose g*n - 4*n = 0. Suppose -2*h = l - 111, l + n*l = 2*h + 99. What is the units digit of l?
5
Let m be (-5 + 5)/(3/3). Suppose -4*x + 2*x + 6 = m. Suppose 0 = -j - 4*v + 32, v - x = -j + 23. What is the tens digit of j?
2
Let k = 43 - 41. Let o(t) = t + 8*t + 37 + k*t - 9*t. What is the tens digit of o(-5)?
2
Let l(y) = 159*y**2 + 10*y - 21. Let r be l(3). Suppose 1920 = 4*z - 5*i, -r = -3*z + 3*i + i. What is the units digit of z?
0
Let x(w) = -8 - 15*w + 32*w + 26 - 2*w**2 - 2*w**2. Let j be x(9). What is the units digit of (-24446)/j - 2/(-9)?
0
What is the tens digit of (-9480)/(-24)*(-4)/(8/(8/(-2)))?
9
Suppose 0 = -25*p + 19*p + 12. Suppose -2 = -d + p*n - 3, n = d. What is the units digit of d?
1
Suppose -v + 5*n - 21 = 0, -3*v + 0*n + 27 = 3*n. Let m = 994 + -703. Suppose v*h - 281 - m = 0. What is the tens digit of h?
4
Suppose -25972*g - 148938 = -25978*g. What is the tens digit of g?
2
Let y be 111/(-9) - (-2)/6. Let t be (y/(-9))/(2*(-1)/(-3)). Suppose 2 = -z, -t*g + 3*z = -2*z - 150. What is the units digit of g?
0
Let b be 1/(1/(-2) + (-35)/(-42)). Suppose b*s - 5 = 10. Suppose 6*i + 2*f + 19 = 9*i, 5*i + 10 = -s*f. What is the units digit of i?
3
Let i(u) = -40*u**3 - 5*u**2 - 30*u - 161. What is the tens digit of i(-6)?
7
What is the hundreds digit of -6 - 12 - (3 - 10225)?
2
Let s be 4 - (-6)/(0 + 2). Suppose 5*l - s*l - 12 = 0. What is the units digit of 1 + (-4)/l*69?
7
Let d(j) = -11*j - 20. Suppose -5*k - 62 - 38 = 0. What is the units digit of d(k)?
0
Let f(k) = 145*k**3 + 4*k**2 - k - 4. What is the tens digit of f(4)?
3
Suppose -34225 = 4*a + 10*a - 148829. What is the tens digit of a?
8
Let t(c) = -c**3 - 8*c**2 + 5*c + 10. Let a be t(-8). What is the hundreds digit of (-24)/a - 1152/(-10)?
1
Let z = 23788 + -7448. What is the thousands digit of z?
6
Let q = -54774 + 95655. What is the hundreds digit of q?
8
Let o(a) = 4*a**2 + 2*a + 952. What is the thousands digit of o(-24)?
3
Suppose 466377 = -9*x + 54*x - 368598. What is the units digit of x?
5
Let y be 5 + (-13)/2 + (-75)/(-50). Suppose -4*i + f + 1916 + 752 = 0, y = 5*i + 5*f - 3335. What is the hundreds digit of i?
6
Let i be (105/12*-2)/((-24)/240). Let z = 814 - i. What is the tens digit of z?
3
Let v be 0 - (-4 + 18/(-2)). Suppose v*l - 1144 = 650. What is the hundreds digit of l?
1
Let s(v) = v**2 + 29*v + 34. Let m be s(-29). What is the hundreds digit of (m/4)/((-17)/(-442))?
2
What is the tens digit of 15819*(56/6)/14?
4
Let u(j) = 99*j + 4724. What is the thousands digit of u(67)?
1
Let p = -1292 - -5272. What is the hundreds digit of p?
9
Suppose 13 = 4*o + 1. Suppose 4848 = 5*s - o*t - 0*t, -3*t + 4872 = 5*s. What is the tens digit of (s/135)/((-1)/(0 + -5))?
3
Let c = 16 - -17. Let i(r) = 59*r**2 + r - 2. Let h be i(-1). Let f = h - c. What is the tens digit of f?
2
Let d(v) = -3*v**2 + 37*v + 29. Let p be d(13). Suppose 0 = -j + p*g + 551, -26*j - g = -22*j - 2204. What is the hundreds digit of j?
5
Let l(s) = -s**3 - 4*s**2 - 19*s - 12. Let y = 45 + -49. What is the units digit of l(y)?
4
Let k be -1 + -4 + 4*1/2. Let f be k/(-6) + 9/(-6) + 3. Suppose -3*l + f*o + 3*o + 291 = 0, 5*o + 393 = 4*l. What is the units digit of l?
2
Suppose 0 = 3*f + x - 101, f - 19 - 20 = 5*x. Let w = f - -169. What is the units digit of w?
3
Let k be 505/2 - (-2)/(-4). Suppose -9*r - k = -12*r. Let h = 92 - r. What is the units digit of h?
8
Suppose 24 = 44*t - 40*t. Suppose 4*o + 4*i + 6 = -6, 5*o - 4*i = -t. What is the tens digit of (o/(-3))/((-48)/(-12024))?
6
Let s(q) = -q**2 + 25*q - 3. Let f = -277 + 294. What is the units digit of s(f)?
3
Suppose 3*k - r - 38594 = 0, 5*k + 10*r - 9*r = 64342. What is the hundreds digit of k?
8
Let b = 53 + -497. Let n = b - -627. What is the hundreds digit of n?
1
Let x(b) = -5*b**2 - 9*b - 12. Let n be x(-5). Let g = -82 - n. What is the hundreds digit of 1605/(-6)*(-8)/g?
2
Let y(t) be the second derivative of 11*t**4/6 - 2*t**3/3 - 21*t**2/2 + 28*t. What is the hundreds digit of y(-5)?
5
What is the thousands digit of (-572)/26 + 6 - -38586?
8
Let q(z) = 338*z - 2682. What is the hundreds digit of q(66)?
6
Suppose 3*j - j + 572 = 0. Let p = j + 497. Suppose -a - 13 = -p. What is the hundreds digit of a?
1
Let v(r) = 586*r**2 - 58*r - 214. What is the thousands digit of v(-4)?
9
Let s(q) = q**3 - 5*q**2 - 3*q - 38. Let b be s(9). Suppose 2*f + 59*t = 56*t + b, 5*t = 5*f - 685. What is the hundreds digit of f?
1
Suppose -8*t + 306 = -38838. What is the tens digit of (t/42)/((-2)/(-8))?
6
Let i(m) be the second derivative of 3*m**4/2 - m**3/6 - m. Let v be i(3). Let w = -68 + v. What is the tens digit of w?
9
Let x = 161 + -585. Let w = x - -919. What is the units digit of w?
5
Let v(z) = -z**3 - z**2 - 3*z + 4. Let i be v(0). Suppose 0 = s + i*d - 273, 514 + 341 = 3*s + 3*d. What is the units digit of s?
9
Let o = 2924 - 2456. What is the units digit of o?
8
Suppose -88*l + 46837 = -23739. What is the tens digit of l?
0
Let h(x) = -1874*x - 2692. What is the thousands digit of h(-3)?
2
What is the hundreds digit of ((-102374)/(-12 - 5))/((0 - -1) + 1)?
0
Let d = 84 - 8. Suppose -48*v + 49*v - d = 0. Suppose -30*w = -32*w + v. What is the tens digit of w?
3
Suppose -